{"id":322,"date":"2015-03-07T07:27:31","date_gmt":"2015-03-07T07:27:31","guid":{"rendered":"https:\/\/gestaolegalnaadvocacia.com.br\/site\/?page_id=322"},"modified":"2015-06-18T06:52:33","modified_gmt":"2015-06-18T06:52:33","slug":"financas-na-advocacia","status":"publish","type":"page","link":"https:\/\/gestaolegalnaadvocacia.com.br\/site\/areas-de-atuacao\/financas-na-advocacia\/","title":{"rendered":"Finan\u00e7as na Advocacia"},"content":{"rendered":"<ul>\n<li>Budget (or\u00e7amento) Anual Econ\u00f4mico e Financeiro;<\/li>\n<li>Contas a Pagar e Contas a Receber;<\/li>\n<li>Gest\u00e3o de Inadimpl\u00eancia;<\/li>\n<li>Fluxo de Caixa;<\/li>\n<li>Administra\u00e7\u00e3o do Capital de Giro;<\/li>\n<li>Demonstrativo de Resultados;<\/li>\n<li>Gest\u00e3o do Lucro;<\/li>\n<li>Administra\u00e7\u00e3o de Fundos de Reserva;<\/li>\n<li>Gest\u00e3o de Investimentos;<\/li>\n<li>Precifica\u00e7\u00e3o dos Honor\u00e1rios \u2013 Valor dos Servi\u00e7os Advocat\u00edcios;<\/li>\n<li>Gest\u00e3o de Reembolsos e Adiantamentos;<\/li>\n<li>Gest\u00e3o de Custos Fixos e Custos Vari\u00e1veis;<\/li>\n<li>Pol\u00edtica de Gest\u00e3o Financeira;<\/li>\n<li>Distribui\u00e7\u00e3o de Lucros aos Associados e S\u00f3cios;<\/li>\n<li>Gest\u00e3o de Margens de Faturamento, Lucro e Custos;<\/li>\n<li>Mapeamento e An\u00e1lise de Procedimentos Financeiros;<\/li>\n<li>Ponto de Equil\u00edbrio Operacional;<\/li>\n<li>Ponto de Equil\u00edbrio Financeiro;<\/li>\n<li>Organiza\u00e7\u00e3o das Atividades Financeiras;<\/li>\n<li>Elabora\u00e7\u00e3o e Estrutura\u00e7\u00e3o de Centros de Resultados;<\/li>\n<li>Elabora\u00e7\u00e3o e Estrutura\u00e7\u00e3o de Centros de Custos;<\/li>\n<li>Cria\u00e7\u00e3o de Cen\u00e1rios Financeiros;<\/li>\n<li>An\u00e1lise dos Impactos Financeiros nos Resultados;<\/li>\n<li>An\u00e1lise Cont\u00e1bil;<\/li>\n<li>An\u00e1lise Tribut\u00e1ria;<\/li>\n<li>Indicadores Financeiros;<\/li>\n<li>Estrat\u00e9gias Financeiras para Tomada de Decis\u00e3o;<\/li>\n<li>Planejamento Financeiro de Curto, M\u00e9dio e Longo Prazo;<\/li>\n<li>Treinamentos para Equipe Administrativa Financeira.<\/li>\n<\/ul>\n<div class=\"fundo-claro-2\">\n<h3>Gostaria de mais informa\u00e7\u00f5es<\/h3>\n<p>Entre em contato por nosso fomul\u00e1rio, nossa<br \/>\nequipe entrar\u00e1 em contato para esclarecer suas d\u00favidas<\/p>\n\n<div class=\"wpcf7 no-js\" id=\"wpcf7-f6-o1\" lang=\"pt-BR\" dir=\"ltr\" data-wpcf7-id=\"6\">\n<div class=\"screen-reader-response\"><p role=\"status\" aria-live=\"polite\" aria-atomic=\"true\"><\/p> <ul><\/ul><\/div>\n<form action=\"\/site\/wp-json\/wp\/v2\/pages\/322#wpcf7-f6-o1\" method=\"post\" class=\"wpcf7-form init\" aria-label=\"Formul\u00e1rios de contato\" novalidate=\"novalidate\" data-status=\"init\">\n<fieldset class=\"hidden-fields-container\"><input type=\"hidden\" name=\"_wpcf7\" value=\"6\" \/><input type=\"hidden\" name=\"_wpcf7_version\" value=\"6.1.5\" \/><input type=\"hidden\" name=\"_wpcf7_locale\" value=\"pt_BR\" \/><input type=\"hidden\" name=\"_wpcf7_unit_tag\" value=\"wpcf7-f6-o1\" \/><input type=\"hidden\" name=\"_wpcf7_container_post\" value=\"0\" \/><input type=\"hidden\" name=\"_wpcf7_posted_data_hash\" value=\"\" \/>\n<\/fieldset>\n<div class=\"column one-second\">\n\t<p>Seu nome (obrigat\u00f3rio)\n\t<\/p>\n\t<p><span class=\"wpcf7-form-control-wrap\" data-name=\"your-name\"><input size=\"40\" maxlength=\"400\" class=\"wpcf7-form-control wpcf7-text wpcf7-validates-as-required\" aria-required=\"true\" aria-invalid=\"false\" value=\"\" type=\"text\" name=\"your-name\" \/><\/span>\n\t<\/p>\n<\/div>\n<div class=\"column one-second last\">\n\t<p>Seu e-mail (obrigat\u00f3rio)\n\t<\/p>\n\t<p><span class=\"wpcf7-form-control-wrap\" data-name=\"your-email\"><input size=\"40\" maxlength=\"400\" class=\"wpcf7-form-control wpcf7-email wpcf7-validates-as-required wpcf7-text wpcf7-validates-as-email\" aria-required=\"true\" aria-invalid=\"false\" value=\"\" type=\"email\" name=\"your-email\" \/><\/span>\n\t<\/p>\n<\/div>\n<div class=\"column one-second\">\n\t<p>Escrit\u00f3rio\n\t<\/p>\n\t<p><span class=\"wpcf7-form-control-wrap\" data-name=\"your-escritorio\"><input size=\"40\" maxlength=\"400\" class=\"wpcf7-form-control wpcf7-text wpcf7-validates-as-required\" aria-required=\"true\" aria-invalid=\"false\" value=\"\" type=\"text\" name=\"your-escritorio\" \/><\/span>\n\t<\/p>\n<\/div>\n<div class=\"column one-second last\">\n\t<p>Telefone\n\t<\/p>\n\t<p><span class=\"wpcf7-form-control-wrap\" data-name=\"your-tel\"><input size=\"40\" maxlength=\"400\" class=\"wpcf7-form-control wpcf7-text wpcf7-validates-as-required\" aria-required=\"true\" aria-invalid=\"false\" value=\"\" type=\"text\" name=\"your-tel\" \/><\/span>\n\t<\/p>\n<\/div>\n<p>Quais s\u00e3o as suas d\u00favidas e necessidades do escrit\u00f3rio?\n<\/p>\n<p><span class=\"wpcf7-form-control-wrap\" data-name=\"your-message\"><textarea cols=\"40\" rows=\"10\" maxlength=\"2000\" class=\"wpcf7-form-control wpcf7-textarea\" aria-invalid=\"false\" name=\"your-message\"><\/textarea><\/span>\n<\/p>\n<p><input class=\"wpcf7-form-control wpcf7-submit has-spinner\" type=\"submit\" value=\"Enviar\" \/>\n<\/p><div class=\"wpcf7-response-output\" aria-hidden=\"true\"><\/div>\n<\/form>\n<\/div>\n<\/div>\n","protected":false},"excerpt":{"rendered":"<p>Budget (or\u00e7amento) Anual Econ\u00f4mico e Financeiro; Contas a Pagar e Contas a Receber; Gest\u00e3o de Inadimpl\u00eancia; Fluxo de Caixa; Administra\u00e7\u00e3o do Capital de Giro; Demonstrativo de<span class=\"excerpt-hellip\"> [\u2026]<\/span><\/p>\n","protected":false},"author":1,"featured_media":679,"parent":211,"menu_order":0,"comment_status":"open","ping_status":"open","template":"","meta":{"_acf_changed":false,"footnotes":""},"class_list":["post-322","page","type-page","status-publish","has-post-thumbnail","hentry"],"acf":[],"_links":{"self":[{"href":"https:\/\/gestaolegalnaadvocacia.com.br\/site\/wp-json\/wp\/v2\/pages\/322","targetHints":{"allow":["GET"]}}],"collection":[{"href":"https:\/\/gestaolegalnaadvocacia.com.br\/site\/wp-json\/wp\/v2\/pages"}],"about":[{"href":"https:\/\/gestaolegalnaadvocacia.com.br\/site\/wp-json\/wp\/v2\/types\/page"}],"author":[{"embeddable":true,"href":"https:\/\/gestaolegalnaadvocacia.com.br\/site\/wp-json\/wp\/v2\/users\/1"}],"replies":[{"embeddable":true,"href":"https:\/\/gestaolegalnaadvocacia.com.br\/site\/wp-json\/wp\/v2\/comments?post=322"}],"version-history":[{"count":0,"href":"https:\/\/gestaolegalnaadvocacia.com.br\/site\/wp-json\/wp\/v2\/pages\/322\/revisions"}],"up":[{"embeddable":true,"href":"https:\/\/gestaolegalnaadvocacia.com.br\/site\/wp-json\/wp\/v2\/pages\/211"}],"wp:featuredmedia":[{"embeddable":true,"href":"https:\/\/gestaolegalnaadvocacia.com.br\/site\/wp-json\/wp\/v2\/media\/679"}],"wp:attachment":[{"href":"https:\/\/gestaolegalnaadvocacia.com.br\/site\/wp-json\/wp\/v2\/media?parent=322"}],"curies":[{"name":"wp","href":"https:\/\/api.w.org\/{rel}","templated":true}]}}